t is 2 - (2 + 14 - -3 - 8)?
-9
3 + 0 + 0 - (29 + -26)
0
Evaluate (4 - 6) + 7 + -12.
-7
Evaluate (13 - 16) + (1 - -4).
2
What is 3 + -7 + 6 - 2?
0
What is the value of (1 - 6) + (-13 - (-12 + -1))?
-5
What is -3 + 5 + 7 + -5?
4
What is the value of -8 + 6 + -1 + -1 + -1?
-5
What is the value of 5 + (-3 + 4 + 0 - 2)?
4
Evaluate (4 - 8) + (0 - -1).
-3
2 + -2 + (7 - -4) + -4
7
What is 0 + (3 + -5 - -2) - -1?
1
Calculate -9 + 14 + (-3 - -1) + -3.
0
Calculate 6 - (2 + -3 + 2).
5
-5 + 3 + 3 - 5
-4
-2 - -4 - (0 + -4 + 2)
4
Evaluate 6 - (-11 - -5 - -3).
9
Evaluate 2 + -2 + (6 - 11) - 6.
-11
Calculate 1 + (4 - 12 - -4) - -8.
5
-3 - (-3 + 9 + -8)
-1
(-2 - 2) + 4 + 4 - 1
3
What is (-6 - 0) + (4 + -3 - 1)?
-6
What is the value of 9 - 13 - (0 - -2)?
-6
Calculate 0 + -5 + 2 + (5 - 2).
0
Calculate 3 + 0 + -2 + 2.
3
What is 5 - (2 + 7 + -1)?
-3
Evaluate 5 + -5 - (2 - (0 - -1)).
-1
Calculate 3 + -4 + -1 - (19 + -23).
2
What is the value of (26 - 17) + (-24 - -11)?
-4
Calculate (5 - 2) + -2 + (-2 - -1).
0
Evaluate -13 + 4 - -23 - 6.
8
Calculate (4 - 0) + (13 - (16 - -7)).
-6
What is -4 + 3 - (1 + -3)?
1
Evaluate -2 + (-3 - (-3 + 4)) - -7.
1
Calculate 5 + -5 + (2 - 3) - 2.
-3
Evaluate -1 + 7 - (-1 - -2).
5
What is 0 + -1 + 6 - 6?
-1
Calculate (-1 - 0 - 1) + -1 - -1.
-2
What is -1 + (-6 - 1) + 2 - -1?
-5
What is 0 + -2 + 5 + -6 + -2?
-5
Calculate (-3 - (-5 - -4) - -4) + -3.
-1
Evaluate 34 - 44 - (-9 + 0).
-1
What is 5 - (11 + -5) - (3 + 1)?
-5
What is the value of -8 - -5 - (-11 + -1)?
9
-2 - (2 + -1) - -5
2
What is the value of 9 - (-3 + 5 + 3)?
4
Evaluate 0 - 1 - ((-3 - -3) + 0).
-1
2 - ((-19 - -11) + 2)
8
Evaluate (9 - 7) + -16 - -5.
-9
Calculate (1 - -4 - (-1 - -3)) + 1.
4
Calculate -3 + (7 - (2 + 5)) - 2.
-5
Calculate (1 - 0) + 30 + -28.
3
Evaluate 0 + 0 - 6 - -2.
-4
Calculate 2 - 5 - (7 - 16).
6
Calculate 1 + 7 - (121 + -119).
6
What is the value of (7 - (0 + 3 + 1)) + -8?
-5
What is 6 - 2 - (13 + -10)?
1
What is -1 + 10 + 1 + -14?
-4
-2 + 3 + (2 + -1 - -3)
5
-4 + -2 + (2 - -4)
0
Evaluate 0 - -3 - (7 + -9).
5
What is 3 + -5 + (-3 - -9)?
4
What is 3 - 5 - (-2 + -1 + 1)?
0
What is (5 - 7) + -6 + 7 - 0?
-1
Calculate -1 + -3 + -3 + (0 - -2).
-5
What is (-3 - 1) + (-2 - -3)?
-3
What is the value of 1 - (0 - (-1 - 1))?
-1
Evaluate (-4 - -6) + 2 + -2 - -2.
4
Calculate (-2 - 0) + 39 + -39.
-2
Calculate -2 - (-1 - (-1 + 4)) - 3.
-1
What is the value of 4 + -6 + -6 - -6 - -3?
1
What is (-20 - -11) + 7 + (2 - 4)?
-4
Calculate 1 + -2 - (0 + 1 + 2).
-4
5 - (-5 + 14) - 1
-5
What is the value of 9 + -10 + -3 + (5 - 6)?
-5
What is (-9 - -9) + -7 - -2?
-5
What is -3 + 4 - (-2 - -3) - 0?
0
Calculate -2 + -6 + (8 - 1) + 5.
4
Calculate 0 - -3 - (-14 - (-29 - -12)).
0
Calculate 1 + (-4 - -4) + 7.
8
-14 - ((0 - 3) + (-2 - 1))
-8
Evaluate -5 + (-3 - -6) + 1 - 4.
-5
What is the value of 21 + -8 - (6 + -2)?
9
Calculate 5 + (2 - (5 - 1)).
3
What is the value of 7 + (-4 - -3 - (6 + -3))?
3
What is the value of (-3 + -1 - -7) + -7 - 1?
-5
What is the value of -1 + (-6 + 3 - 1) + 1?
-4
What is the value of 1 + -7 + (25 - 18)?
1
Calculate 77 - 76 - (-1 + 2 + 2).
-2
Evaluate -2 + 6 + -9 + 0 + 0.
-5
(-5 - -1) + -2 + 2
-4
13 + -11 + 2 + -5 - 4
-5
Calculate 2 + -10 + (7 - 2).
-3
Evaluate (-3 - -2) + 1 - (3 + 2).
-5
(-2 - 0) + (8 - 6)
0
What is 45 - 50 - (-1 - 5)?
1
Evaluate 3 + -13 + 0 + 5 + 8.
3
What is the value of -1 - (-4 + (1 - 1) - -3)?
0
Evaluate 1 + -2 + -1 - 1.
-3
What is 9 + -7 - ((0 - 0) + -1)?
3
What is (2 - 7 - 6) + 9?
-2
Evaluate (-5 - 1) + (2 - 0) + 0.
-4
What is 1 - ((7 - 7) + (4 - 1))?
-2
13 - ((-18 - -6) + 15)
10
Evaluate -11 + 9 - (-2 - 5).
5
7 + (1 - (-4 - -8)) - 7
-3
Calculate 0 - (-2 + 3 - (1 - -2)).
2
Evaluate 1 - (0 - (0 + -2)) - 8.
-9
Evaluate 0 + 0 + (-4 - (4 - 18)).
10
What is -6 - -11 - (15 + -5)?
-5
Calculate 2 + -16 + 4 + -2 + 6.
-6
What is the value of 1 + (-4 - (-9 + 3)) - 2?
1
What is the value of (-5 - -8) + -13 + 4 + 0?
-6
What is (-15 + 6 - -1) + 9?
1
What is the value of -4 + 1 + 5 + 1?
3
What is (-17 - (8 - 11)) + 5?
-9
Calculate -14 + 26 + (-1 - 1) + -4.
6
Evaluate (18 + -10 - (7 + -2)) + 4.
7
What is -6 - (-1 + 0) - (-160 - -163)?
-8
Evaluate (1 - -3) + (-19 - -12).
-3
(-6 + 0 - -2) + 11 + -12
-5
What is the value of (-4 + 2 - -3) + 0?
1
Evaluate 1 - 0 - 0 - (26 - 27).
2
-10 - (2 + 7 + -20)
1
5 + -2 + 0 + -5
-2
Evaluate 0 - (-3 - (0 - 1)).
2
What is the value of 30 - 21 - (1 - -5)?
3
What is 0 + -10 - (-100 + 90)?
0
What is 23 + -10 - (-1 + 1) - 6?
7
What is 5 + (5 + -3 - 6 - 6)?
-5
Evaluate (1 - -1) + -6 - (2 + -4).
-2
Evaluate -3 + 12 - 3 - -2.
8
What is the value of 1 + (-5 - (1 - (-2 - -4)))?
-3
3 - (-6 + 1 - -5)
3
What is (4 - 0 - 8) + 5?
1
-1 + 3 + 12 + -20 + 13
7
(-5 - -1) + 5 + -1 + 3
3
What is the value of (3 - 1) + -8 + -3 + 10?
1
What is the value of 1 - ((3 - -3) + (4 - 4))?
-5
Calculate 7 + (2 - 4) + -4.
1
Evaluate -11 + (3 + 7 - 6) - -12.
5
Evaluate -2 + (-3 - (-5 + -1)).
1
(1 - -1) + (-3 - (2 + -1))
-2
What is 6 + 2 - (-1 + (16 - 8))?
1
Calculate -7 + 2 + 3 + -2.
-4
Calculate (-3 - -3) + -9 - (-3 - -4).
-10
Evaluate -6 + -1 + 1 + 2 - -8.
4
Evaluate 2 + -3 - 0 - 1 - -2.
0
What is the value of 6 - (6 - (-8 + 9))?
1
Evaluate 3 - (12 - 2 - 0).
-7
What is 9 + (-11 - -10) + -15?
-7
What is the value of 5 + (-23 - -27) + (-11 - 1)?
-3
What is -1 - (0 + -14 - -7)?
6
Calculate -11 + (3 - -11) - 5.
-2
3 + (1 - 3) + -3
-2
What is 7 + 3 + (4 - 9)?
5
What is the value of 8 - 15 - (2 - (-1 + 6))?
-4
(2 + -1 - -6) + -3
4
What is -14 - -22 - (3 - -12)?
-7
What is -5 - (-3 - -1 - 7)?
4
What is 1 + -1 - ((4 - 7) + 2)?
1
Evaluate -5 - (-1 - (3 + -4)).
-5
What is the value of -8 - -5 - (6 - 1)?
-8
What is 3 + 0 - (-28 + 35)?
-4
What is the value of -6 - (9 + -9 + -8)?
2
What is -20 + 17 + (1 - -11) + -3?
6
What is the value of (9 - (1 + 8)) + -3?
-3
Calculate 1 + (-23 - -6 - -7) + 3.
-6
What is -5 - (-2 - 3 - 3) - 3?
0
-2 + 1 + -1 + -3 - -3
-2
Evaluate 15 + -3 + (7 - 15).
4
Evaluate -3 + 0 + 3 - (-13 + 18).
-5
5 + -1 + -1 - (1 - -1)
1
Calculate -2 + 6 + -7 + 2 + 0.
-1
2 - (3 - (3 + (-8 - -6)))
0
What is the value of -1 + (10 - 13) + 1 + -2?
-5
-9 + 2 + 11 + 1
5
What is the value of -1 + -8 + 6 + 4?
1
Evaluate 4 + (-7 - (-2 - -2)).
-3
0 + 5 + -19 + 6
-8
What is -7 - (-3 - -9 - 11)?
-2
(-11 - -6) + 14 + -4 - 12
-7
3 - (13 - (3 + 1))
-6
What is 1 + -4 + (3 - -1)?
1
-9 - (2 + (-4 - 7))
0
Evaluate (-6 - -6) + 0 + (2 - 0).
2
8 + 4 + -6 - 3 - -1
4
What is 0 + 4 + -5 + -2 + -2?
-5
Calculate 1 + -1 + -3 + 7 + -7.
-3
4 + (6 + -6 - -3)
7
23 - (9 - -5) - 6
3
Calculate 3 + -1 + (11 - (13 - 1)).
1
Calculate 2 + -6 - (8 + -12) - 7.
-7
What is the value of 5 + (-5 - 0) + 2?
2
Calculate -3 + -1 + (14 - 5).
5
What is (-6 - (-2 + (-14 - -4))) + 0?
6
Calculate (-9 - (7 + -7)) + 15.
6
Evaluate -3 + (4 - 0) + -5.
-4
Evaluate (-1 - 1) + (-5 - -9) + 1.
3
Calculate 0 + (1 - 12) - (302 + -308).
-5
Evaluate (-1 - -1) + (-8 - -4) + 3.
-1
Evaluate (-4 - (1 + -4 + -3)) + 3.
5
Calculate (27 + -34 - (-6 - 0)) + -2.
-3
Evaluate -4 - (-1 + -7 + 5) - 0.
-1
3 + (2 - 6) - (10 - 9)
-2
What is -5 + 4 + 6 + -6 + 1?
0
What is the value of (0 - -4) + 2 + -3?
3
What is 3 - (-4 + 0 - -12)?
-5
What is -4 + 0 + 6 - 1 - 6?
-5
Evaluate (-12 - (-1 + -2)) + 7.
-2
What is -15 - (-14 - 4 - -9)?
-6
What is the value of (-2 - (8 + -1)) + 12?
3
What is the value of 5 + (-9 - -1) - -3?
0
What is 2 + -7 + (5 - (-13 + 8))?
5
What is the value of 6 + (0 - 3) + 2?
5
What is the value of 12 - (-1 + -10 + 16)?
7
What is the value of 1 - (-3 - (-1 + -1))?
2
What is the value of -5 + (-3 - -11) - 5?
-2
What is the value of (3 - 2) + -7 + 9?
3
Calculate 5 - (-6 + -1 - -13).
-1
What is (15 - 4) + -8 + (0 - 8)?
-5
Evaluate 1 + 12 + (-7 + -2 - -2).
6
Calculate -19 + 16 + (0 - -7).
4
What is the value of -3 + (8 - (7 + -10 + 5))?
3
Evaluate 1 - 1 - (12 + (-8 - 4)).
0
What is -10 + 1 + -1 - -14?
4
Evaluate (14 - 3) + -9 - (-1 - 7).
10
What is 3 + -4 + (-3 - -2)?
-2
7 - 2 - -3 - 12
-4
Calculate -5 + 1 + 0 - 1.
-5
(4 - 8) + 7 + -6
-3
Evaluate 19 + -23 - (-1 + 0 + -4).
1
(2 - (-9 + 7 + 4)) + -7
-7
6 - 4 - (2 - -5)
-5
What is the value of -5 + 9 - (4 - (-3 - 2))?
-5
What is 5 + 1 + 0 - (-53 + 54)?
5
1 - (-5 - (1 - 9))
-2
What is the value of (-6 - -2) + 4 + -2?
-2
6 - (-1 + 2 + -3 - -6)
2
Evaluate -3 + (3 - (1 - (3 - 2))).
0